37964.
164
What is the greatest common factor of 1811586 and 42?
42
Calculate the greatest common divisor of 306242 and 19.
19
What is the greatest common factor of 324466 and 212?
106
Calculate the greatest common divisor of 715905 and 270.
135
Calculate the greatest common factor of 247 and 1227343.
247
What is the greatest common factor of 316794 and 222?
222
Calculate the greatest common divisor of 824149 and 872.
109
Calculate the highest common factor of 480 and 52680.
120
What is the greatest common factor of 1125 and 16625?
125
Calculate the greatest common divisor of 48 and 320.
16
Calculate the greatest common factor of 56 and 17352.
8
What is the highest common divisor of 392168 and 112?
56
What is the highest common factor of 106698 and 54?
6
Calculate the greatest common factor of 101952 and 1600.
64
Calculate the greatest common factor of 680 and 4040.
40
Calculate the greatest common divisor of 19111 and 87.
29
What is the highest common factor of 16150 and 1102?
38
What is the highest common divisor of 22464 and 5408?
416
Calculate the greatest common divisor of 1673 and 9863.
7
Calculate the greatest common divisor of 1739716 and 152.
76
Calculate the greatest common factor of 2254 and 12691.
49
Calculate the highest common divisor of 78 and 17524.
26
Calculate the greatest common divisor of 307791 and 66.
33
Calculate the highest common divisor of 1118 and 4277.
13
What is the greatest common divisor of 7138 and 1992?
166
What is the highest common divisor of 84 and 3166884?
84
Calculate the highest common divisor of 595 and 11220.
85
Calculate the greatest common divisor of 1323 and 3375.
27
Calculate the greatest common divisor of 2860 and 11990.
110
What is the highest common divisor of 8 and 721416?
8
Calculate the greatest common divisor of 8 and 3000256.
8
What is the highest common factor of 9 and 4869?
9
What is the greatest common factor of 115325 and 5?
5
Calculate the highest common factor of 3 and 46875.
3
What is the greatest common factor of 232 and 26303?
29
What is the greatest common factor of 1565 and 2?
1
Calculate the highest common divisor of 11639 and 1957.
103
Calculate the highest common factor of 1253373 and 264.
33
Calculate the greatest common divisor of 536 and 5984.
8
What is the greatest common factor of 396 and 172728?
36
Calculate the greatest common divisor of 848556 and 12.
12
Calculate the highest common factor of 1911 and 4949.
49
Calculate the greatest common divisor of 29087 and 13311.
493
What is the highest common factor of 76558 and 1010?
202
Calculate the highest common divisor of 10607 and 32.
1
Calculate the greatest common factor of 19055 and 15.
5
Calculate the greatest common factor of 225591 and 87.
87
What is the highest common divisor of 127 and 620903?
127
Calculate the greatest common divisor of 2046 and 162750.
186
What is the highest common factor of 9096 and 416?
8
Calculate the highest common factor of 94800 and 9400.
200
Calculate the greatest common divisor of 15606 and 14148.
54
Calculate the highest common divisor of 187 and 1114146.
187
What is the greatest common divisor of 5722 and 106?
2
Calculate the highest common factor of 40902 and 204.
102
What is the highest common divisor of 7146902 and 238?
238
What is the highest common factor of 100 and 720625?
25
Calculate the greatest common factor of 3550 and 7450.
50
What is the highest common factor of 138874 and 506?
46
Calculate the highest common divisor of 8996 and 91.
13
What is the greatest common divisor of 10632 and 264?
24
Calculate the greatest common divisor of 2398 and 187262.
218
Calculate the greatest common divisor of 27462 and 138.
138
What is the greatest common factor of 1745565 and 135?
15
Calculate the highest common factor of 217 and 77.
7
What is the highest common divisor of 62416 and 127488?
1328
What is the highest common factor of 135 and 9925?
5
What is the greatest common factor of 1917 and 8829?
27
Calculate the highest common divisor of 31463 and 365.
73
Calculate the greatest common divisor of 506470 and 50.
10
What is the greatest common factor of 12275 and 100?
25
What is the greatest common divisor of 13450 and 6994?
538
Calculate the greatest common factor of 44037 and 21.
21
Calculate the highest common divisor of 11571444 and 9.
9
Calculate the greatest common factor of 186 and 2094.
6
What is the highest common divisor of 1322 and 1038431?
661
Calculate the highest common factor of 1140 and 1740.
60
What is the highest common divisor of 98 and 45514?
14
What is the highest common factor of 839766 and 34?
34
What is the greatest common divisor of 158658 and 372?
186
Calculate the highest common factor of 1026272 and 416.
416
Calculate the greatest common divisor of 5453 and 8036.
287
What is the highest common factor of 190708 and 139?
139
Calculate the highest common factor of 19631 and 3223.
293
Calculate the greatest common factor of 3908 and 284.
4
Calculate the greatest common factor of 13716 and 351.
27
What is the greatest common divisor of 24 and 232448?
8
Calculate the greatest common factor of 392 and 824.
8
What is the highest common divisor of 560 and 2072?
56
What is the greatest common factor of 53620 and 35?
35
What is the greatest common factor of 240 and 4120?
40
What is the greatest common factor of 387922 and 146?
146
Calculate the greatest common factor of 46210 and 160.
10
What is the greatest common divisor of 84 and 4503429?
21
What is the highest common factor of 24 and 2320296?
24
What is the highest common divisor of 12410 and 4505?
85
What is the highest common divisor of 4004 and 572?
572
Calculate the highest common divisor of 341 and 669569.
31
Calculate the highest common factor of 213 and 1195143.
213
What is the greatest common divisor of 415118 and 22?
22
What is the greatest common divisor of 1044 and 204?
12
Calculate the greatest common divisor of 69 and 213233.
23
What is the greatest common divisor of 14396 and 3422?
118
What is the highest common factor of 78 and 2430?
6
Calculate the greatest common factor of 448 and 6144.
64
What is the highest common divisor of 4 and 168228?
4
Calculate the greatest common factor of 714 and 125562.
102
Calculate the highest common factor of 164 and 801796.
164
Calculate the highest common factor of 57189 and 132.
33
What is the highest common factor of 23 and 419083?
23
Calculate the greatest common factor of 7340 and 405.
5
What is the highest common factor of 96463 and 171?
19
Calculate the highest common divisor of 1482 and 32214.
78
What is the greatest common divisor of 192 and 2918208?
192
Calculate the highest common divisor of 137 and 1556731.
137
Calculate the highest common divisor of 1469 and 8892.
13
What is the greatest common factor of 59376 and 132?
12
What is the greatest common factor of 189009 and 9?
9
What is the highest common factor of 120989 and 55?
11
Calculate the highest common divisor of 512 and 12320.
32
Calculate the highest common factor of 44 and 162569.
11
Calculate the greatest common divisor of 534000 and 920.
40
What is the greatest common divisor of 38 and 120308?
38
What is the highest common factor of 4867 and 21195?
157
Calculate the highest common divisor of 3818 and 11822.
46
Calculate the greatest common factor of 99 and 272349.
99
Calculate the greatest common divisor of 827830 and 10.
10
What is the highest common divisor of 679 and 76339?
97
What is the highest common divisor of 25289 and 113278?
209
Calculate the greatest common divisor of 90 and 822990.
30
What is the greatest common divisor of 6684 and 352?
4
Calculate the highest common factor of 9 and 8793.
9
What is the greatest common factor of 403240 and 1360?
680
Calculate the greatest common divisor of 917910 and 6975.
1395
What is the highest common factor of 110370 and 388842?
1698
Calculate the greatest common divisor of 92767 and 3.
1
Calculate the greatest common factor of 448719 and 3208.
401
Calculate the highest common factor of 11136 and 80823.
87
Calculate the highest common divisor of 42 and 48951.
21
Calculate the highest common divisor of 75862 and 39674.
166
Calculate the highest common divisor of 219 and 55261.
73
Calculate the highest common divisor of 7 and 1326423.
7
Calculate 